{"id":40,"date":"2025-12-19T14:54:29","date_gmt":"2025-12-19T14:54:29","guid":{"rendered":"https:\/\/differenzproductions.com\/?page_id=40"},"modified":"2025-12-19T20:14:24","modified_gmt":"2025-12-19T20:14:24","slug":"souverainete-numerique","status":"publish","type":"page","link":"https:\/\/differenzproductions.com\/index.php\/souverainete-numerique\/","title":{"rendered":"Souverainet\u00e9 Num\u00e9rique"},"content":{"rendered":"\t\t<div data-elementor-type=\"wp-page\" data-elementor-id=\"40\" class=\"elementor elementor-40\">\n\t\t\t\t<div class=\"elementor-element elementor-element-fdf753f e-flex e-con-boxed e-con e-parent\" data-id=\"fdf753f\" data-element_type=\"container\">\n\t\t\t\t\t<div class=\"e-con-inner\">\n\t\t\t\t<div class=\"elementor-element elementor-element-354259b elementor-view-default elementor-position-top elementor-mobile-position-top elementor-widget elementor-widget-icon-box\" data-id=\"354259b\" data-element_type=\"widget\" data-widget_type=\"icon-box.default\">\n\t\t\t\t\t\t\t<div class=\"elementor-icon-box-wrapper\">\n\n\t\t\t\t\t\t<div class=\"elementor-icon-box-icon\">\n\t\t\t\t<span  class=\"elementor-icon\">\n\t\t\t\t<svg aria-hidden=\"true\" class=\"e-font-icon-svg e-fas-lock\" viewBox=\"0 0 448 512\" xmlns=\"http:\/\/www.w3.org\/2000\/svg\"><path d=\"M400 224h-24v-72C376 68.2 307.8 0 224 0S72 68.2 72 152v72H48c-26.5 0-48 21.5-48 48v192c0 26.5 21.5 48 48 48h352c26.5 0 48-21.5 48-48V272c0-26.5-21.5-48-48-48zm-104 0H152v-72c0-39.7 32.3-72 72-72s72 32.3 72 72v72z\"><\/path><\/svg>\t\t\t\t<\/span>\n\t\t\t<\/div>\n\t\t\t\n\t\t\t\t\t\t<div class=\"elementor-icon-box-content\">\n\n\t\t\t\t\t\t\t\t\t<h3 class=\"elementor-icon-box-title\">\n\t\t\t\t\t\t<span  >\n\t\t\t\t\t\t\tLib\u00e9rez vos donn\u00e9es du Cloud public\t\t\t\t\t\t<\/span>\n\t\t\t\t\t<\/h3>\n\t\t\t\t\n\t\t\t\t\t\t\t\t\t<p class=\"elementor-icon-box-description\">\n\t\t\t\t\t\t<p data-path-to-node=\"6,0\">Ne laissez plus vos actifs num\u00e9riques \u00e0 la merci des g\u00e9ants du Web. Le Cloud public expose vos donn\u00e9es \u00e0 des changements de tarifs arbitraires et \u00e0 une surveillance constante.<\/p><p data-path-to-node=\"6,1\">Nous vous redonnons le contr\u00f4le total gr\u00e2ce \u00e0 l'auto-h\u00e9bergement s\u00e9curis\u00e9 sur votre propre infrastructure. Profitez de la puissance des logiciels libres pour garantir une ind\u00e9pendance technologique absolue.<\/p><p data-path-to-node=\"6,2\">Reprenez possession de votre vie num\u00e9rique : vos donn\u00e9es, vos r\u00e8gles, votre souverainet\u00e9.<span style=\"letter-spacing: -0.1px\"><\/span><\/p>\t\t\t\t\t<\/p>\n\t\t\t\t\n\t\t\t<\/div>\n\t\t\t\n\t\t<\/div>\n\t\t\t\t\t\t<\/div>\n\t\t\t\t<div class=\"elementor-element elementor-element-6592694 elementor-widget elementor-widget-button\" data-id=\"6592694\" data-element_type=\"widget\" data-widget_type=\"button.default\">\n\t\t\t\t\t\t\t\t\t\t<a class=\"elementor-button elementor-button-link elementor-size-sm\" href=\"mailto:patrick.leblanc@differenzproductions.com\">\n\t\t\t\t\t\t<span class=\"elementor-button-content-wrapper\">\n\t\t\t\t\t\t\t\t\t<span class=\"elementor-button-text\">Contactez nous<\/span>\n\t\t\t\t\t<\/span>\n\t\t\t\t\t<\/a>\n\t\t\t\t\t\t\t\t<\/div>\n\t\t\t\t\t<\/div>\n\t\t\t\t<\/div>\n\t\t<div class=\"elementor-element elementor-element-4a4cedb e-flex e-con-boxed e-con e-parent\" data-id=\"4a4cedb\" data-element_type=\"container\">\n\t\t\t\t\t<div class=\"e-con-inner\">\n\t\t\t\t<div class=\"elementor-element elementor-element-4436a25 elementor-widget elementor-widget-html\" data-id=\"4436a25\" data-element_type=\"widget\" data-widget_type=\"html.default\">\n\t\t\t\t\t<style>\n.wp-block-template-part-footer, \nfooter.wp-block-template-part,\n.site-footer,\n[role=\"contentinfo\"] {\n    display: none !important;\n    visibility: hidden !important;\n    height: 0 !important;\n    padding: 0 !important;\n}\n<\/style>\t\t\t\t<\/div>\n\t\t\t\t\t<\/div>\n\t\t\t\t<\/div>\n\t\t\t\t<\/div>\n\t\t","protected":false},"excerpt":{"rendered":"<p>Lib\u00e9rez vos donn\u00e9es du Cloud public Ne laissez plus vos actifs num\u00e9riques \u00e0 la merci des g\u00e9ants du Web. Le Cloud public expose vos donn\u00e9es \u00e0 des changements de tarifs arbitraires et \u00e0 une surveillance constante. Nous vous redonnons le contr\u00f4le total gr\u00e2ce \u00e0 l&#8217;auto-h\u00e9bergement s\u00e9curis\u00e9 sur votre propre infrastructure. Profitez de la puissance des [&hellip;]<\/p>\n","protected":false},"author":1,"featured_media":0,"parent":0,"menu_order":0,"comment_status":"closed","ping_status":"closed","template":"","meta":{"footnotes":""},"class_list":["post-40","page","type-page","status-publish","hentry"],"_links":{"self":[{"href":"https:\/\/differenzproductions.com\/index.php\/wp-json\/wp\/v2\/pages\/40","targetHints":{"allow":["GET"]}}],"collection":[{"href":"https:\/\/differenzproductions.com\/index.php\/wp-json\/wp\/v2\/pages"}],"about":[{"href":"https:\/\/differenzproductions.com\/index.php\/wp-json\/wp\/v2\/types\/page"}],"author":[{"embeddable":true,"href":"https:\/\/differenzproductions.com\/index.php\/wp-json\/wp\/v2\/users\/1"}],"replies":[{"embeddable":true,"href":"https:\/\/differenzproductions.com\/index.php\/wp-json\/wp\/v2\/comments?post=40"}],"version-history":[{"count":19,"href":"https:\/\/differenzproductions.com\/index.php\/wp-json\/wp\/v2\/pages\/40\/revisions"}],"predecessor-version":[{"id":136,"href":"https:\/\/differenzproductions.com\/index.php\/wp-json\/wp\/v2\/pages\/40\/revisions\/136"}],"wp:attachment":[{"href":"https:\/\/differenzproductions.com\/index.php\/wp-json\/wp\/v2\/media?parent=40"}],"curies":[{"name":"wp","href":"https:\/\/api.w.org\/{rel}","templated":true}]}}